-3*n = 4*h - 102, 14 = -5*h - 1. Let z = 38 - n. Suppose -3*o - 2*i + 461 = z, i - 784 = -5*o - 11. What are the prime factors of o?
5, 31
Suppose -19*y + 4 = -20*y. Let a(n) be the second derivative of n**4/3 - n**3/3 - 17*n**2/2 - 12*n. What are the prime factors of a(y)?
5, 11
Let y be (-8)/2 - (-14 - 11). Suppose -18*x + y*x = 3*s - 882, 588 = 2*s - x. List the prime factors of s.
2, 3, 7
Let s(c) = 623*c**2 - 67*c - 2. List the prime factors of s(7).
2, 13, 17
Suppose -11*z - 3292 = -23598. List the prime factors of z.
2, 13, 71
List the prime factors of (-109501)/(-4) + ((-30)/120 - -1).
2, 29, 59
What are the prime factors of 0*(-3 + 4) + (11 - -3607)?
2, 3, 67
Suppose -y + 57 = 53. Suppose q - y*l = 5*q - 3784, -q = -4*l - 926. List the prime factors of q.
2, 3, 157
What are the prime factors of 8242/4 - -6 - 2/4?
2, 1033
Let g(k) be the first derivative of 1/3*k**3 - 10 + 93/4*k**4 - k + 1/2*k**2. List the prime factors of g(1).
2, 47
Let z(y) = y**3 + 74*y**2 + 58*y + 280. What are the prime factors of z(-69)?
7, 19, 151
Suppose -93*h - 47*h = -5551280. List the prime factors of h.
2, 23, 431
Suppose 2*s + q = 17202, 50*q = 51*q + 4. What are the prime factors of s?
7, 1229
Let u be 1/(-3) - (-1501)/57. List the prime factors of (1 - u/5)*(26 - 146).
2, 3, 7
Let c(r) = -341*r - 202. Let n be c(-12). Suppose -2115 = -2*k - 4*t - 163, 4*k = -t + n. What are the prime factors of k?
2, 3
Suppose -109*m + 483982 + 99386 = 0. List the prime factors of m.
2, 3, 223
Suppose 18 = -3*n + 21. Let k be 15/((6/4)/n). Suppose -740 = -k*u + 480. What are the prime factors of u?
2, 61
Suppose 20*l = 183117 - 50477. Suppose 2414 = -6*s + l. List the prime factors of s.
19, 37
List the prime factors of 1/1 + -10 - (8 + -4451).
2, 3, 739
Let a = 48856 - 25360. What are the prime factors of a?
2, 3, 11, 89
Suppose -262599 = -97*z + 46*z. List the prime factors of z.
19, 271
Let c(b) = 96 - 2*b - 159*b**2 - 28*b + 189*b**2. What are the prime factors of c(8)?
2, 3, 37
Let l(o) = -1743*o + 1360. List the prime factors of l(-34).
2, 17, 1783
Suppose -44*r = -11413 - 21945 + 6078. What are the prime factors of r?
2, 5, 31
Let s = 54 - 46. Let p(w) = -w + 0*w + 30 + s + 19. List the prime factors of p(-15).
2, 3
Let h = -1027 - -1867. Let v = h + -136. List the prime factors of v.
2, 11
Let w(a) = -12*a**2 + 1873*a + 547. What are the prime factors of w(124)?
109, 443
List the prime factors of (-10)/225*-46674*20.
2, 2593
Let k(h) = -h**2 + 24*h - 61. Let v be k(21). What are the prime factors of 17/(30/20*v/87)?
17, 29
Suppose 5*t - 198*l + 195*l - 161346 = 0, 5*t - 161349 = 2*l. What are the prime factors of t?
3, 31, 347
Suppose -5*f + 57 = v, 5*f - 2*f = -5*v + 21. Suppose -4*s + 4 = -f. Suppose s*t + 270 = 10*t. What are the prime factors of t?
3, 5
Suppose -5*t - 46689 = -2*l, -5*t = -4*l + 7*l - 69996. What are the prime factors of l?
3, 2593
Let a be 33/(-55) - 1674/(-15). What are the prime factors of 37/a + (-1900)/(-6)?
317
Suppose 4*y - 98348 - 84340 = -2*z, -5*y = 2*z - 182685. List the prime factors of z.
2, 3, 5, 7, 29
Let y = -18 - -30. Suppose 2*u + 5*o - y = 0, 3*u - 8*o - 18 = -6*o. Let f = u - -52. List the prime factors of f.
2, 29
Suppose -3*k + 19 = 5*m, m + k + 22 = 5*m. Suppose -1666 - 239 = -m*w. What are the prime factors of w?
3, 127
Let u(n) = n**3 + 5*n**2 + 3*n + 20. Let y be u(-5). Suppose 0 = y*v - 8590 + 1470. What are the prime factors of v?
2, 89
Suppose 9*j - 205747 - 241166 = 0. List the prime factors of j.
17, 23, 127
List the prime factors of (13 - (-12 + 29))*2*148945/(-20).
2, 29789
Suppose -2*q - 80 = -6*q. Suppose q*h = 16*h + 8. Suppose 0 = 3*z - 4*o - 153, z = -h*o + 25 + 16. What are the prime factors of z?
47
Suppose -7*d = -6*d - 5*x - 924, -4*d + 4*x = -3616. What are the prime factors of d?
29, 31
Suppose -4*u + 8 = -4*c - 28, 2*u - 3*c - 20 = 0. Suppose -11*x + u*x = -468. What are the prime factors of x?
3, 13
Let f = 475 + -454. Suppose j = 285 - f. What are the prime factors of j?
2, 3, 11
Let u(r) = 192*r + 8. Let s be 14 + -3 + -5 + -1 + 1. List the prime factors of u(s).
2, 5, 29
Suppose 500*j - 685902 = -90*j + 29762228. List the prime factors of j.
51607
Suppose -3*p + 2*g + 295 = 0, 2*g - 2 = 6. Suppose -728 - 361 = -9*y. Suppose -p = -3*f + y. List the prime factors of f.
2, 37
Suppose 2 = -z - o, -3*z + z - 5*o = 10. Suppose 44 - 8 = -3*h - 3*j, z = -3*h - 4*j - 39. Let g(n) = 3*n**2 + 9*n - 7. List the prime factors of g(h).
5, 31
Suppose -7*t + 2*t = 3*l - 1960, -4*l - 1536 = -4*t. Suppose 5*w + t = 3*m, 123 = 4*m - 3*m + 5*w. List the prime factors of m.
2
Let l(c) = -c**3 + 4*c**2 + 7*c + 3. Let q be l(5). What are the prime factors of (-16)/(-104) - (-1961)/q?
151
Let c be (4 - (-18)/(-5)) + 186/10. Let l = 64 + c. Let u = 142 - l. List the prime factors of u.
59
Suppose 2*d = t + 169 - 64, 0 = 3*d + 4*t - 174. Suppose 0 = -20*u + 46 + d. List the prime factors of u.
5
Suppose -2*m + 2*g + 18 = -g, -20 = 5*g. Suppose -j = -3*v + 201, m*v - 54 = 2*v - 4*j. Let r = v - 55. What are the prime factors of r?
11
Suppose -23*s + 30513 = -2*s. List the prime factors of 8 - (-116)/(-16) - s/(-4).
2, 7, 13
Suppose -594 = -13*f - 9*f. Suppose -f*y + 1854 = -18*y. What are the prime factors of y?
2, 103
List the prime factors of (36/7)/6 + 14423199/343.
3, 107, 131
Let k(v) = 36*v**3 - 4*v**2 - 2*v + 1. Let m be k(-1). Let o = m - 20. What are the prime factors of (38/o)/((-4)/786)?
131
Let y(t) = 69*t**2 - 2*t. Suppose x + 7 = 4. Let s be y(x). Suppose 0 = 5*p - n - s, -2*n - 5 = -1. What are the prime factors of p?
5
Let f(m) = -59*m**3 - 12*m + 26 - 16*m**2 + 3*m**2 + 60*m**3. Let y be f(14). Suppose -y*c + 48*c = -1146. List the prime factors of c.
191
Let k(p) = 3*p**3 - 81*p**2 - 2*p + 54. Let n be k(27). Suppose -m + 3*v + 482 + 534 = n, 0 = 5*m - 2*v - 5106. What are the prime factors of m?
2, 7, 73
Let o = 9825 + -93. What are the prime factors of o?
2, 3, 811
Let j = 2867 + 17714. What are the prime factors of j?
11, 1871
Let h(d) = -32*d + 39. Suppose 2*s - 3*b = 0, -s + 11 = 2*s + b. Let o be h(s). Let p = o - -139. What are the prime factors of p?
2, 41
Let b = -1714 + 4758. List the prime factors of b.
2, 761
Let m(g) = -307*g + 295. List the prime factors of m(-24).
79, 97
Let t be (35 - 40)*(4/(-10))/1. Suppose -w + 4*s = -337, -4*s + 444 = -t*w + 1098. List the prime factors of w.
317
Let x(j) = -j**3 + 11*j**2 - 10*j + 6. Let u be x(10). Let z(w) = 7*w - 15. Let n be z(u). Suppose -n = -2*g + 7. What are the prime factors of g?
17
Suppose 3 - 33 = 10*c. List the prime factors of 9/c - 1*376/(-4).
7, 13
Suppose 170966 = 5*p - 2*m, 31*p + 3*m = 36*p - 170964. List the prime factors of p.
2, 3, 41, 139
Suppose g - 20 = -2*i, 8*g - 6*g = -3*i + 40. What are the prime factors of (50/g)/((-2)/(-144))?
2, 3, 5
Suppose 6*c + 2*c - 96 = 0. Suppose 0 = -10*o + c*o - 6. List the prime factors of ((-3)/9)/(2/(-248))*o.
2, 31
Let r(v) = 106*v**2 - 29*v + 108. What are the prime factors of r(3)?
3, 5, 13
Suppose -12*x + 2*w + 7804 = -10*x, w = 4*x - 15608. List the prime factors of x.
2, 1951
Let y be (18/45)/(-2*(-2)/20). Suppose 0 = 4*d - 3*b - 4118, -5*b + 1389 = -y*d + 3441. What are the prime factors of d?
1031
Suppose 0 = 12*w + 2*w + 4452. Let k = -98 - w. List the prime factors of k.
2, 5, 11
Let a(c) be the first derivative of -23*c**2/2 + 1188*c - 51. What are the prime factors of a(0)?
2, 3, 11
Let z(r) = 447*r**3 + 77*r**2 + 7*r + 1. What are the prime factors of z(3)?
2, 17, 47
Let k(w) = -4*w**2 - 7*w - 1. Let q be k(-3). Let d = -8 - q. Suppose d*x - 74 = 70. List the prime factors of x.
2, 3
Let d(r) = 2*r**2 - 49*r + 124. Let u(l) = -62 + 6*l + 48*l**2 - 49*l**2 + 19*l. Let s(z) = -4*d(z) - 9*u(z). List the prime factors of s(28).
2, 17
Let n = 10691 - -22442. What are the prime factors of n?
17, 1949
Let s(o) be the second derivative of 10*o**4/3 - o**3 + 5*o**2 - 3*o - 10. List the prime factors of s(4).
2, 313
Let p(r) = 22*r + 4. Suppose -3*b = 4*s - 0*b + 117, -2*s = -2*b + 62. Let q = s - -31. List the prime factors of p(q).
2, 13
Suppose -5*w + 1 = 5*k - 14, 0 = 5*k + w - 23. Suppose -5*f = -k*i + 730, f + 0*i - 3*i + 140 = 0. Let d = f + 247. List the prime factors of d